 + -17?
1203
In base 10, what is -4 + 180913?
180909
In base 7, what is 4314605 + -3?
4314602
In base 7, what is 22245 - -65?
22343
In base 2, what is -10100 - 110011110?
-110110010
In base 3, what is 11011202221 - -2?
11011210000
In base 3, what is -1022102 + -122?
-1100001
In base 15, what is 22730 - 1?
2272e
In base 9, what is -208465 - 5?
-208471
In base 4, what is 112100033 + -3?
112100030
In base 2, what is 10111110111 - -100011111?
11100010110
In base 5, what is -43303303 + -2?
-43303310
In base 6, what is 1101 + 413?
1514
In base 12, what is -4 - -b141?
b139
In base 15, what is 1b9 - -34?
1ed
In base 7, what is 120 + 5552?
6002
In base 10, what is 2 - 21572?
-21570
In base 13, what is -4964 + 2a?
-4937
In base 8, what is -702 + -104?
-1006
In base 8, what is -13 - 2234?
-2247
In base 8, what is -5 + -3424047?
-3424054
In base 15, what is -33 + -3305?
-3338
In base 4, what is 1300023 - 1210?
1232213
In base 7, what is 15036 + 24?
15063
In base 2, what is 101110010111011 - 1?
101110010111010
In base 4, what is 233333 + 233?
300232
In base 6, what is -334 + 52115?
51341
In base 6, what is 13 + -11201205?
-11201152
In base 7, what is -34124 - 30?
-34154
In base 5, what is 1323312401 + 3?
1323312404
In base 11, what is 351 - -11?
362
In base 10, what is 10 + 1760?
1770
In base 9, what is 2 - 32242?
-32240
In base 12, what is -4 - 12bb?
-1303
In base 3, what is 1001122220010 - -2?
1001122220012
In base 4, what is -2 + 2003233310?
2003233302
In base 4, what is -13120 + 113?
-13001
In base 10, what is 34130 - 4?
34126
In base 9, what is 187 + -77?
110
In base 6, what is 1202231 + -4?
1202223
In base 9, what is 254456 + -2?
254454
In base 10, what is 268 - -1481?
1749
In base 2, what is 11011 - 1000110010111?
-1000101111100
In base 10, what is 821226 + -2?
821224
In base 4, what is -1010211 + 2?
-1010203
In base 15, what is -13833 - 2?
-13835
In base 7, what is 2616321 + -4?
2616314
In base 16, what is -6 - 1074?
-107a
In base 8, what is -1057 + 10714?
7635
In base 4, what is -20223021 + 1?
-20223020
In base 8, what is -36005 + -2?
-36007
In base 13, what is -4945 - 6?
-494b
In base 15, what is 5 - -bed88?
bed8d
In base 11, what is -a - -1a907?
1a8a8
In base 13, what is -2069 - -bc?
-1c7a
In base 11, what is 27 - 651?
-625
In base 12, what is -403863 + 4?
-40385b
In base 16, what is -c - d39?
-d45
In base 7, what is -4 - 11121?
-11125
In base 11, what is 40a1 - -589?
467a
In base 14, what is 213 + -15?
1dc
In base 13, what is 0 - 4a5b?
-4a5b
In base 16, what is -4c + 980?
934
In base 12, what is 20 - 2080?
-2060
In base 9, what is -882447 - 2?
-882450
In base 12, what is a25609 + 4?
a25611
In base 3, what is -11111011120 - -11?
-11111011102
In base 9, what is -1465 + -47?
-1523
In base 7, what is 16 - -102516?
102535
In base 6, what is 4435 + -1434?
3001
In base 15, what is -2813 + a?
-2808
In base 13, what is 1 + -a636?
-a635
In base 6, what is 30501233 - 5?
30501224
In base 15, what is -2 + 6ec3?
6ec1
In base 16, what is -88d - -e?
-87f
In base 7, what is 24650 - -1?
24651
In base 4, what is -22 - 2230033?
-2230121
In base 3, what is 12 - -200122212?
200200001
In base 13, what is 2c51 - -11?
2c62
In base 5, what is -1 - -101234?
101233
In base 10, what is 8 + -1347?
-1339
In base 7, what is -3122133 + -5?
-3122141
In base 8, what is 2 - -36373?
36375
In base 3, what is 2 + -20222120112?
-20222120110
In base 11, what is 20a9 - 32?
2077
In base 15, what is -6d11 + -2?
-6d13
In base 9, what is 0 - 77126?
-77126
In base 10, what is -30 + -18041?
-18071
In base 6, what is -45015 - 3545?
-53004
In base 2, what is 110 - 10110001001011?
-10110001000101
In base 4, what is 30 - 12131302?
-12131212
In base 13, what is 46 + -28a7?
-2861
In base 11, what is -9671 + -15?
-9686
In base 10, what is 3569265 + 3?
3569268
In base 5, what is -11 + -4431?
-4442
In base 3, what is 221 + -11102212?
-11101221
In base 3, what is 12202 - -22020102?
22110011
In base 6, what is 1 + -1123541?
-1123540
In base 9, what is -16 + 17225?
17208
In base 6, what is -11 - 35343?
-35354
In base 13, what is -4 - b8a?
-b91
In base 5, what is 30334 + -21?
30313
In base 13, what is -26743 + -8?
-2674b
In base 11, what is -1194a + -3?
-11952
In base 13, what is 1 + 28a507?
28a508
In base 2, what is 1100 - 11011010001?
-11011000101
In base 2, what is 1011100 - -1101010000100001?
1101010001111101
In base 14, what is 8 - -7855?
785d
In base 14, what is 88 + 11d9?
1283
In base 7, what is 43 - -250213?
250256
In base 16, what is 2cd - -cb?
398
In base 15, what is 5 + cae7?
caec
In base 11, what is 326 + 426?
751
In base 2, what is -1111111 - -11111111?
10000000
In base 16, what is 76 - 1d3b?
-1cc5
In base 9, what is 16200 + 5?
16205
In base 12, what is 761b + 5?
7624
In base 5, what is 4 + -1104010?
-1104001
In base 4, what is -21132132 + 3?
-21132123
In base 4, what is 10112 - 30101?
-13323
In base 11, what is 95 - -13aa?
1494
In base 11, what is 225 + 32?
257
In base 14, what is -3 + -39bd9?
-39bdc
In base 13, what is -12b4 + a?
-12a7
In base 2, what is -101 - -10110101011010011?
10110101011001110
In base 15, what is -41 - 929?
-96a
In base 4, what is 12013 + -2111?
3302
In base 14, what is 1 - -11c1c?
11c1d
In base 7, what is -46 + -16250?
-16326
In base 15, what is 9361e - -5?
93624
In base 11, what is -13574 - 4?
-13578
In base 14, what is 4 + -81cb5?
-81cb1
In base 11, what is -267 - 881?
-1038
In base 15, what is ba8 - -19?
bc2
In base 15, what is -2 - -161a04?
161a02
In base 14, what is -16a - -b6a?
a00
In base 7, what is -1404 - 115?
-1522
In base 2, what is -101011111001000 + -111?
-101011111001111
In base 13, what is 617c + 1b9?
6368
In base 6, what is -500551 + 1?
-500550
In base 2, what is 10100111 + -1101101000101?
-1101010011110
In base 4, what is 21 - 31230020?
-31223333
In base 16, what is -f9b - -2?
-f99
In base 5, what is 14434104 - -10?
14434114
In base 14, what is -1 + 9371?
9370
In base 10, what is 15872 + -4?
15868
In base 10, what is -347215 - 6?
-347221
In base 14, what is -5c0 + 9?
-5b5
In base 16, what is 36feb + -4?
36fe7
In base 3, what is -100120111010 + -1?
-100120111011
In base 2, what is 1010011110100101 + 100?
1010011110101001
In base 6, what is 1412025 - 2?
1412023
In base 8, what is 1467225 - -3?
1467230
In base 15, what is 14d5e - 1?
14d5d
In base 13, what is 10 + -28b?
-27b
In base 12, what is 4 + 10114?
10118
In base 5, what is -3120323 - 0?
-3120323
In base 7, what is 11 + 3420?
3431
In base 11, what is -47 + -797?
-833
In base 14, what is 2506a1 + -5?
25069a
In base 5, what is 12213 - -22?
12240
In base 9, what is 44 + 1603?
1647
In base 8, what is 26425 + -5?
26420
In base 13, what is 285 + -14?
271
In base 12, what is -41 + 518?
497
In base 15, what is 2dda + 0?
2dda
In base 3, what is -2 - -220222200001?
220222122222
In base 14, what is -6292 - 2a?
-62bc
In base 3, what is 1202112112 + -2?
1202112110
In base 15, what is 38 - -948?
981
In base 6, what is 2023352 + 112?
2023504
In base 8, what is 24463 - 6?
24455
In base 10, what is 1496 - 124?
1372
In base 2, what is 101101100111010 + -100?
101101100110110
In base 10, what is 822672 - 2?
822670
In base 6, what is -13321 + -31?
-13352
In base 12, what is 91 - -23?
b4
In base 7, what is -3 + -2425414?
-2425420
In base 13, what is 0 - 25c62?
-25c62
In base 10, what is -4214 - 32?
-4246
In base 16, what is 1 + -1cad0?
-1cacf
In base 4, what is 10 + -303121?
-303111
In base 7, what is 13226 + -24?
13202
In base 13, what is -5182 + a?
-5175
In base 4, what is 10 - 120222132?
-120222122
In base 8, what is 3506 - 5?
3501
In base 7, what is -10 + 54052?
54042
In base 11, what is -1 - 8047?
-8048
In base 12, what is -275 + 375b?
34a6
In base 3, what is 2 - -11012121?
11012200
In base 15, what is 8d4 - -4?
8d8
In base 2, what is -1111001001001111110 - -10?
-1111001001001111100
In base 2, what is 101111111100000011 + 1101?
101111111100010000
In base 16, what is 5 + 277d?
2782
In base 8, what is -2111 + 367?
-1522
In base 3, what is 12110212021 + 12?
12110212110
In base 11, what is -55a4 - -1?
-55a3
In base 7, what is 51 + -165123?
-165042
In base 6, what is -1 + -2251102?
-2251103
In base 13, what is -8 + -3834?
-383c
In base 10, what is -91 + 166?
75
In base 8, what is -317277 - 2?
-317301
In base 15, wh